{"id":20,"date":"2015-08-26T12:36:10","date_gmt":"2015-08-26T12:36:10","guid":{"rendered":"https:\/\/tonckensadvocatuur.nl\/?page_id=20"},"modified":"2024-03-10T12:24:22","modified_gmt":"2024-03-10T12:24:22","slug":"advocaat","status":"publish","type":"page","link":"https:\/\/tonckensadvies.nl\/?page_id=20","title":{"rendered":"Over Wilma Tonckens"},"content":{"rendered":"<p>Nadat Wilma Tonckens in 1993 haar VWO diploma behaalde, is zij rechten gaan studeren aan de Rijks Universiteit Groningen. In 1999 studeerde zij af en vanaf 2000 was zij werkzaam binnen de advocatuur. Haar advocaat-stage heeft zij gevolgd bij Vlaskamp Van Loo Advocaten in Amsterdam (nu Labr\u00e9 Advocaten) waarna zij daar als advocaat-medewerker in dienst is gebleven.<\/p>\n<blockquote><p>\u201c<em>Wilma Tonckens is een zeer gedreven en nauwgezette advocaat met oog voor detail. Wilma heeft een &#8220;helicopterview&#8221;, doorziet de problemen snel en zoekt actief naar praktische oplossingen, maar kan waar nodig keihard procederen. Haar optreden in de Dexia problematiek heeft voor veel gedupeerden voor een doorbraak gezorgd<\/em>.\u201d<br \/>\nJohn van Loo (oprichter Vlaskamp Van Loo Advocaten)<\/p><\/blockquote>\n<p>Vanaf 2010 heeft Wilma Tonckens haar eigen kantoor. Tonckens Advies is opgericht vanuit de wens een eigen koers te kunnen bepalen en een balans te vinden tussen werk en priv\u00e9.<br \/>\nMet ingang van 1 januari 2021 heeft Wilma Tonckens haar toga &#8220;in de ijskast gehangen&#8221; door zich uit te laten schrijven als advocaat en is de bedrijfsnaam Tonckens Advocatuur gewijzigd in Tonckens Advies. Na twintig jaar in de advocatuur werkzaam te zijn geweest, was het tijd een nieuwe koers te bepalen. De opgedane ervaring en kennis in combinatie met haar kwaliteiten en de liefde voor het schrijven, hebben geleid tot het aanbieden van de dienst &#8216;Vertel mij WAT&#8217;. Wilma Tonckens kan goed naar je luisteren en je verhaal vervolgens aan je teruggeven op papier of je helpen het op papier vast te leggen.<\/p>\n<blockquote><p>\u201c<em>Ik vind het belangrijk dat cli\u00ebnten begrijpen wat ik doe en zo inzicht krijgen in dat wat ze zelf kunnen of moeten doen<\/em>.\u201d<br \/>\nWilma Tonckens<\/p><\/blockquote>\n<p>Naast haar werk, familie en vrienden, richt zij zich graag op het schrijven van korte grappige verhalen, hockey, koken en reizen. Zij maakte reizen door onder andere Thailand, Laos, Vietnam, Australi\u00eb, Nieuw-Zeeland, Costa Rica, Zambia, Botswana, Namibi\u00eb, Zuid-Afrika, Tanzania, Kenia, Sao Tom\u00e9 en Principe. Niet alleen vindt zij het belangrijk om andere culturen en landschappen te leren kennen, ook verbreedt het reizen haar horizon en geeft het haar nieuwe inspiratie.<\/p>\n","protected":false},"excerpt":{"rendered":"<p>Nadat Wilma Tonckens in 1993 haar VWO diploma behaalde, is zij rechten gaan studeren aan de Rijks Universiteit Groningen. In 1999 studeerde zij af en vanaf 2000 was zij werkzaam binnen de advocatuur. Haar advocaat-stage heeft zij gevolgd bij Vlaskamp &hellip; <a href=\"https:\/\/tonckensadvies.nl\/?page_id=20\">Vervolgd<\/a><\/p>\n","protected":false},"author":3,"featured_media":0,"parent":0,"menu_order":0,"comment_status":"closed","ping_status":"closed","template":"page-fullwidth.php","meta":{"footnotes":""},"yoast_head":"<!-- This site is optimized with the Yoast SEO plugin v22.2 - https:\/\/yoast.com\/wordpress\/plugins\/seo\/ -->\n<title>Over Wilma Tonckens Advocatuur<\/title>\n<meta name=\"description\" content=\"Wilma Tonckens richtte Tonckens Advocatuur in 2010 op. Meer over de persoon achter Tonckens Advocatuur vindt u op deze pagina.\" \/>\n<meta name=\"robots\" content=\"index, follow, max-snippet:-1, max-image-preview:large, max-video-preview:-1\" \/>\n<link rel=\"canonical\" href=\"https:\/\/tonckensadvies.nl\/?page_id=20\" \/>\n<meta property=\"og:locale\" content=\"nl_NL\" \/>\n<meta property=\"og:type\" content=\"article\" \/>\n<meta property=\"og:title\" content=\"Over Wilma Tonckens Advocatuur\" \/>\n<meta property=\"og:description\" content=\"Wilma Tonckens richtte Tonckens Advocatuur in 2010 op. Meer over de persoon achter Tonckens Advocatuur vindt u op deze pagina.\" \/>\n<meta property=\"og:url\" content=\"https:\/\/tonckensadvies.nl\/?page_id=20\" \/>\n<meta property=\"og:site_name\" content=\"Tonckens Advies\" \/>\n<meta property=\"article:modified_time\" content=\"2024-03-10T12:24:22+00:00\" \/>\n<meta name=\"twitter:card\" content=\"summary_large_image\" \/>\n<meta name=\"twitter:label1\" content=\"Geschatte leestijd\" \/>\n\t<meta name=\"twitter:data1\" content=\"2 minuten\" \/>\n<script type=\"application\/ld+json\" class=\"yoast-schema-graph\">{\"@context\":\"https:\/\/schema.org\",\"@graph\":[{\"@type\":\"WebPage\",\"@id\":\"https:\/\/tonckensadvies.nl\/?page_id=20\",\"url\":\"https:\/\/tonckensadvies.nl\/?page_id=20\",\"name\":\"Over Wilma Tonckens Advocatuur\",\"isPartOf\":{\"@id\":\"https:\/\/tonckensadvies.nl\/#website\"},\"datePublished\":\"2015-08-26T12:36:10+00:00\",\"dateModified\":\"2024-03-10T12:24:22+00:00\",\"description\":\"Wilma Tonckens richtte Tonckens Advocatuur in 2010 op. Meer over de persoon achter Tonckens Advocatuur vindt u op deze pagina.\",\"breadcrumb\":{\"@id\":\"https:\/\/tonckensadvies.nl\/?page_id=20#breadcrumb\"},\"inLanguage\":\"nl-NL\",\"potentialAction\":[{\"@type\":\"ReadAction\",\"target\":[\"https:\/\/tonckensadvies.nl\/?page_id=20\"]}]},{\"@type\":\"BreadcrumbList\",\"@id\":\"https:\/\/tonckensadvies.nl\/?page_id=20#breadcrumb\",\"itemListElement\":[{\"@type\":\"ListItem\",\"position\":1,\"name\":\"Home\",\"item\":\"https:\/\/tonckensadvies.nl\/\"},{\"@type\":\"ListItem\",\"position\":2,\"name\":\"Over Wilma Tonckens\"}]},{\"@type\":\"WebSite\",\"@id\":\"https:\/\/tonckensadvies.nl\/#website\",\"url\":\"https:\/\/tonckensadvies.nl\/\",\"name\":\"Tonckens Advies\",\"description\":\"Uw juridische partner op de Utrechtse Heuvelrug\",\"publisher\":{\"@id\":\"https:\/\/tonckensadvies.nl\/#organization\"},\"potentialAction\":[{\"@type\":\"SearchAction\",\"target\":{\"@type\":\"EntryPoint\",\"urlTemplate\":\"https:\/\/tonckensadvies.nl\/?s={search_term_string}\"},\"query-input\":\"required name=search_term_string\"}],\"inLanguage\":\"nl-NL\"},{\"@type\":\"Organization\",\"@id\":\"https:\/\/tonckensadvies.nl\/#organization\",\"name\":\"Tonckens Advocatuur\",\"url\":\"https:\/\/tonckensadvies.nl\/\",\"logo\":{\"@type\":\"ImageObject\",\"inLanguage\":\"nl-NL\",\"@id\":\"https:\/\/tonckensadvies.nl\/#\/schema\/logo\/image\/\",\"url\":\"https:\/\/tonckensadvocatuur.nl\/wp-content\/uploads\/2015\/08\/Logo-Wilma-Tonckens-Advocatuur-Doorn.png\",\"contentUrl\":\"https:\/\/tonckensadvocatuur.nl\/wp-content\/uploads\/2015\/08\/Logo-Wilma-Tonckens-Advocatuur-Doorn.png\",\"width\":400,\"height\":50,\"caption\":\"Tonckens Advocatuur\"},\"image\":{\"@id\":\"https:\/\/tonckensadvies.nl\/#\/schema\/logo\/image\/\"}}]}<\/script>\n<!-- \/ Yoast SEO plugin. -->","yoast_head_json":{"title":"Over Wilma Tonckens Advocatuur","description":"Wilma Tonckens richtte Tonckens Advocatuur in 2010 op. Meer over de persoon achter Tonckens Advocatuur vindt u op deze pagina.","robots":{"index":"index","follow":"follow","max-snippet":"max-snippet:-1","max-image-preview":"max-image-preview:large","max-video-preview":"max-video-preview:-1"},"canonical":"https:\/\/tonckensadvies.nl\/?page_id=20","og_locale":"nl_NL","og_type":"article","og_title":"Over Wilma Tonckens Advocatuur","og_description":"Wilma Tonckens richtte Tonckens Advocatuur in 2010 op. Meer over de persoon achter Tonckens Advocatuur vindt u op deze pagina.","og_url":"https:\/\/tonckensadvies.nl\/?page_id=20","og_site_name":"Tonckens Advies","article_modified_time":"2024-03-10T12:24:22+00:00","twitter_card":"summary_large_image","twitter_misc":{"Geschatte leestijd":"2 minuten"},"schema":{"@context":"https:\/\/schema.org","@graph":[{"@type":"WebPage","@id":"https:\/\/tonckensadvies.nl\/?page_id=20","url":"https:\/\/tonckensadvies.nl\/?page_id=20","name":"Over Wilma Tonckens Advocatuur","isPartOf":{"@id":"https:\/\/tonckensadvies.nl\/#website"},"datePublished":"2015-08-26T12:36:10+00:00","dateModified":"2024-03-10T12:24:22+00:00","description":"Wilma Tonckens richtte Tonckens Advocatuur in 2010 op. Meer over de persoon achter Tonckens Advocatuur vindt u op deze pagina.","breadcrumb":{"@id":"https:\/\/tonckensadvies.nl\/?page_id=20#breadcrumb"},"inLanguage":"nl-NL","potentialAction":[{"@type":"ReadAction","target":["https:\/\/tonckensadvies.nl\/?page_id=20"]}]},{"@type":"BreadcrumbList","@id":"https:\/\/tonckensadvies.nl\/?page_id=20#breadcrumb","itemListElement":[{"@type":"ListItem","position":1,"name":"Home","item":"https:\/\/tonckensadvies.nl\/"},{"@type":"ListItem","position":2,"name":"Over Wilma Tonckens"}]},{"@type":"WebSite","@id":"https:\/\/tonckensadvies.nl\/#website","url":"https:\/\/tonckensadvies.nl\/","name":"Tonckens Advies","description":"Uw juridische partner op de Utrechtse Heuvelrug","publisher":{"@id":"https:\/\/tonckensadvies.nl\/#organization"},"potentialAction":[{"@type":"SearchAction","target":{"@type":"EntryPoint","urlTemplate":"https:\/\/tonckensadvies.nl\/?s={search_term_string}"},"query-input":"required name=search_term_string"}],"inLanguage":"nl-NL"},{"@type":"Organization","@id":"https:\/\/tonckensadvies.nl\/#organization","name":"Tonckens Advocatuur","url":"https:\/\/tonckensadvies.nl\/","logo":{"@type":"ImageObject","inLanguage":"nl-NL","@id":"https:\/\/tonckensadvies.nl\/#\/schema\/logo\/image\/","url":"https:\/\/tonckensadvocatuur.nl\/wp-content\/uploads\/2015\/08\/Logo-Wilma-Tonckens-Advocatuur-Doorn.png","contentUrl":"https:\/\/tonckensadvocatuur.nl\/wp-content\/uploads\/2015\/08\/Logo-Wilma-Tonckens-Advocatuur-Doorn.png","width":400,"height":50,"caption":"Tonckens Advocatuur"},"image":{"@id":"https:\/\/tonckensadvies.nl\/#\/schema\/logo\/image\/"}}]}},"_links":{"self":[{"href":"https:\/\/tonckensadvies.nl\/index.php?rest_route=\/wp\/v2\/pages\/20"}],"collection":[{"href":"https:\/\/tonckensadvies.nl\/index.php?rest_route=\/wp\/v2\/pages"}],"about":[{"href":"https:\/\/tonckensadvies.nl\/index.php?rest_route=\/wp\/v2\/types\/page"}],"author":[{"embeddable":true,"href":"https:\/\/tonckensadvies.nl\/index.php?rest_route=\/wp\/v2\/users\/3"}],"replies":[{"embeddable":true,"href":"https:\/\/tonckensadvies.nl\/index.php?rest_route=%2Fwp%2Fv2%2Fcomments&post=20"}],"version-history":[{"count":27,"href":"https:\/\/tonckensadvies.nl\/index.php?rest_route=\/wp\/v2\/pages\/20\/revisions"}],"predecessor-version":[{"id":423,"href":"https:\/\/tonckensadvies.nl\/index.php?rest_route=\/wp\/v2\/pages\/20\/revisions\/423"}],"wp:attachment":[{"href":"https:\/\/tonckensadvies.nl\/index.php?rest_route=%2Fwp%2Fv2%2Fmedia&parent=20"}],"curies":[{"name":"wp","href":"https:\/\/api.w.org\/{rel}","templated":true}]}}